 -3*i, 5*p - 4*p + 4*i = 328. Let s = p + -296. Calculate the remainder when 258 is divided by s.
50
Let i(z) = 2*z**2 + 21*z - 141. What is the remainder when 98 is divided by i(-16)?
28
Let p be ((-10)/8)/((-2)/(-16))*26. Let m be p/(-60) - (-8)/(-6). Suppose 51 = 2*d - 0*a - a, -m*a + 63 = 2*d. Calculate the remainder when 72 is divided by d.
18
Suppose 0 = 2*z - 3*u - 11, 5*z + 2*u = -3*u + 90. Suppose 4*j - 8 = 0, q - 8*j = -11*j + 38. Calculate the remainder when q is divided by z.
6
Suppose -2*z = 2*x + 2*z - 272, -4*x - 2*z = -538. What is the remainder when 292 is divided by x?
24
Suppose 2*x + 1761 = 5*n, -6 = 594*x - 592*x. Calculate the remainder when n is divided by 154.
43
Let l = 25114 + -25089. Let s = -9 - -108. Calculate the remainder when s is divided by l.
24
Let p be (1 - 1)*(2 + (-1 - 2)). Suppose p + 10 = 5*b. Suppose -2*z = -4, b*t + z = 4*z + 14. What is the remainder when 30 is divided by t?
0
Let p(s) be the first derivative of 49*s**3/3 - 3*s**2/2 - 2*s - 18. Let a be p(-1). Suppose 14*j = 9*j + a. Calculate the remainder when 58 is divided by j.
8
What is the remainder when 281 is divided by ((-48)/(-36))/(-1 + (-2433)/(-2421))?
12
Let s(x) = 10*x + 79. Let u be 4/(-26) + (-4350)/(-390). What is the remainder when s(u) is divided by 16?
13
Suppose -3*p - 2*p = -q + 52, 5*q - 400 = -3*p. Calculate the remainder when q is divided by 3/((-18)/(-50)) + (-6)/(288/16).
5
Let m(l) = 62*l - 1. Suppose 10*v - 7*v = c + 7, v + c = 1. Suppose -4*y + v*q = -90, 3*q = -3*y - 0*q + 63. Calculate the remainder when m(1) is divided by y.
17
Suppose 10*h = 6*h - 2*i, 5*h - 5*i = 30. What is the remainder when 158 is divided by 4/(7/(63/h))?
14
Let g(s) = -696*s - 5225. Calculate the remainder when g(-9) is divided by 33.
16
Suppose -1071 = -8*o + 169. Let b = 181 + -141. What is the remainder when o is divided by b?
35
Suppose 3*l - 6 = l. Suppose l*s = 3, -2*s - 9 - 13 = -3*n. Suppose 0 = n*t - 2*t - 126. Calculate the remainder when 78 is divided by t.
15
Let h = -393 - -383. Suppose -120 = -5*y - 0*y. What is the remainder when y is divided by ((-336)/36 - h)/(2/30)?
4
Suppose 3*t + 3*z = 304 - 1, 0 = 2*t - 2*z - 218. Let n = -8195 + 8231. Calculate the remainder when t is divided by n.
33
Let t = -1320 + 688. Let w = t + 644. Calculate the remainder when 43 is divided by w.
7
Suppose 0 = -4*p + 3*p + 3*b + 8, -p = 3*b + 16. Calculate the remainder when 0 + (-6)/(p - (-53)/14) is divided by (-120)/9*6/(-5).
12
Let w(p) = 2*p**2 - p + 17. Let b(v) = v**2 + 8. Let d(m) = 5*b(m) - 2*w(m). Let g = -8 - -1. Calculate the remainder when d(g) is divided by 22.
19
Suppose -5*z + 1 = 5*t - 4, 4*z + 5*t = 0. Let b(l) = 2*l**2 + 3*l - 4. What is the remainder when b(z) is divided by 21?
19
Let b be 23/2 + (-8)/16. Let p(o) = -127*o**3 + 252*o**3 - 19*o - 19 - 9*o**2 - 124*o**3. Calculate the remainder when 55 is divided by p(b).
13
Suppose -7 - 1 = 2*y. What is the remainder when ((-58)/(-4))/((-2)/y) is divided by 24/(-18)*(525/(-28) + 6)?
12
Calculate the remainder when 508 is divided by (-322)/(-10) + (-30)/25.
12
Suppose -5*b - 6 + 1 = 0. Let k be 13 + b - 0/(-10). Calculate the remainder when 15/10 - (-294)/k is divided by 7.
5
Let y(f) = -2*f**3 - 8*f**2 + 18. Let h be y(-8). Let z = h - 405. Calculate the remainder when z is divided by 65.
60
Let k(l) = -3*l**3 - l**2 - l - 1. Let z = -4370 + 4407. What is the remainder when z is divided by k(-2)?
16
Let f(q) = -q**2 + 49*q - 383. Calculate the remainder when 482 is divided by f(39).
6
Let o = 3269 + -3135. Calculate the remainder when o is divided by 125.
9
Suppose -23*b + 1400 = -6797 + 331. Calculate the remainder when b is divided by 72.
54
Let w(r) = -5*r - 5. Let t(a) = -a**2 - 7*a + 4. Let i be t(-6). Let n be w(i). Let g = 76 + n. Calculate the remainder when 124 is divided by g.
19
Let o = 1328 + -1304. Suppose -6*i + o + 30 = 0. Calculate the remainder when (13 + (-1 - -2))*1 is divided by i.
5
Suppose 227*o - 25759 = 75937. Calculate the remainder when o is divided by 42.
28
Let x = 587 + -579. Suppose -4*l + 196 = 2*a, 226 + 16 = 5*l + 4*a. Calculate the remainder when l is divided by x.
2
Let a(f) = -2 + 10 - 200*f + 196*f. Let o be a(-5). What is the remainder when 7/o - (-174)/8 is divided by 12?
10
Suppose 0 = 51*d - 132*d + 17415. Calculate the remainder when 458 is divided by d.
28
Suppose 45*c - 88 = 1397. What is the remainder when 2965 is divided by c?
28
Suppose 0 = -6*d + 720 + 654. Let h = -155 + 178. What is the remainder when d is divided by h?
22
Suppose -j + 14 = -5. What is the remainder when -33*((25 - 40) + 11) is divided by j?
18
Let r = 936 - 929. What is the remainder when 389 is divided by r?
4
Suppose -8*n + 1164 + 5812 = 0. Suppose 295*l - 297*l + n = 0. What is the remainder when l is divided by 73?
71
Suppose 0 = 42*i + 54*i + 11*i - 3852. What is the remainder when 3129 is divided by i?
33
Let i = -29979 + 31024. Calculate the remainder when i is divided by 175.
170
Suppose -299 = -32*q - 107. Suppose -3*h + 70 = 4*i, 2*h - 4*i = -q*i + 46. What is the remainder when h is divided by 6?
4
Let b(n) = -n**3 + 2*n**2 + 3*n + 6. Let r be b(4). Let w = r - -30. Suppose 0 = 5*s + 10, 3*s = -0*d - d. Calculate the remainder when w is divided by d.
4
Let m(l) = -3*l**3 + 35*l**2 - 53*l + 411. What is the remainder when 2867 is divided by m(11)?
67
Let a = 81 + -81. Let r = 12 + 10. What is the remainder when r is divided by a - (3/1)/((-3)/13)?
9
Let b be 5*6/15 - 37. Let w(z) = 47*z + 4. Let g be w(1). Let i = b + g. What is the remainder when 60 is divided by i?
12
Suppose 0 = 11*v - 4*d - 2887, -30*v + 3*d = -27*v - 774. What is the remainder when 793 is divided by v?
263
Suppose 304 + 168 = -a. Suppose 14*s = -24*s + 304. What is the remainder when (-4)/6 - a/6 is divided by s?
6
Let l be 2397 + 2 - 0/(6 - 1). Suppose 28*t - 373 = l. Calculate the remainder when t is divided by 25.
24
Suppose -1692 = -15*i - 447. Calculate the remainder when 1658 is divided by i.
81
Suppose 5*a - 290 = -3*p + 22, 4*a = -5*p + 520. What is the remainder when p is divided by 29*(2 - 0) + 6 + -10?
50
Suppose -7*t = -9*t + 240. Let b = t - 97. What is the remainder when b is divided by 3?
2
What is the remainder when 531 is divided by 78*-12*11/(-792)?
11
Let z(l) be the third derivative of -l**5/20 + l**3/6 + 13*l**2. Let x be z(1). What is the remainder when 135 is divided by (-1 - (x + 0)) + 22/1?
20
Let t = -74 - -155. Let h(a) = -362*a - 1782. Calculate the remainder when t is divided by h(-5).
25
Let v(q) = -4*q + 192. Let j be v(-40). Suppose -10*b - 6*b + j = 0. Calculate the remainder when b is divided by 13.
9
Let a(t) = -29*t - 36. Calculate the remainder when 161 is divided by a(-5).
52
Suppose -p + 287 = 4*b, -1216 = -3*p - 5*b - 348. Calculate the remainder when p is divided by 98.
95
Let u be 16 - 12/(-16)*(-8)/2. Suppose -u*c + 34 = -11*c. Suppose 0 = o + o - 100. Calculate the remainder when o is divided by c.
16
Let h(q) = -10*q**3 + q**2 + 4*q + 13. Let b be (-6)/(-10)*-6 - (-2)/(-5). Let a be h(b). What is the remainder when (-6)/(-15)*1 - a/(-5) is divided by 19?
17
Let a(s) = s**2 - 17*s - 55. Let l(p) = 3*p**3 - p - 2. Suppose 4*j - 6 = j. Calculate the remainder when a(-5) is divided by l(j).
15
Let u = 505 - 481. Let i(a) = -a**3 + 25*a**2 - 22*a - 32. Calculate the remainder when 204 is divided by i(u).
12
Let x be (27/6)/(4/136). Suppose -2*j - 36 = -o, -5*o + j + x = -0*o. Calculate the remainder when o is divided by 4.
2
Let n be -10 + (2 - 1) + 2. Let c = n + 13. Calculate the remainder when ((-29)/((-1508)/(-273)))/(77/(-132)) is divided by c.
3
Suppose 74 = 3*u + 5*a, a + 114 = 30*u - 25*u. Calculate the remainder when 224 is divided by u.
17
Suppose o = 5*n + 34, -n - 22 = -7*o + 6*o. Let c(h) = -7*h + 5*h + 3 + 4*h + h**2. Calculate the remainder when o is divided by c(-3).
1
Calculate the remainder when 4617 is divided by 6 + -3 + 1 - (-47 + 21).
27
Let m = 3846 - 3843. Calculate the remainder when 7 is divided by m.
1
Let k(p) = 2*p - 20. Let x be k(11). What is the remainder when 40 is divided by 4 + (1/5)/(x/190)?
17
Let x be 1 + -3 - (-12)/12. Let n = 43 - 38. Calculate the remainder when (-5)/x - -4*1 is divided by n.
4
Supp